- 4*x, -3*x + 43 = -4*m + 140. Let f be -573*((-34)/(-12) + 40/(-16)). Let l = f - -268. Calculate the highest common divisor of l and m.
11
Let f = 1886 + -1611. Suppose 212 = 8*r + 12. What is the highest common factor of r and f?
25
Let d be (-84)/30*5/(-2). Let p(a) = -5*a**3 - 12*a**2 + 45*a + 178. Let w be p(-4). Calculate the highest common factor of w and d.
7
Let g be (-6)/24 - 495/20. Let u = 32 + g. Let z = 73 + -38. Calculate the highest common divisor of u and z.
7
Let n = -12435 + 17975. What is the highest common divisor of n and 10?
10
Suppose 0 = -56*t + 51*t + 4*f + 507, -5*t - f = -492. What is the greatest common divisor of 31383 and t?
99
Suppose -7*i = -12*i + 2*s - 755, 5*s + 273 = -2*i. Let x = 179 + i. Calculate the greatest common factor of x and 180.
30
Suppose -43*p + 1213 = -2141. Let n(g) = g**3 - 9*g**2 + 21*g - 6. Let c be n(6). Calculate the greatest common factor of p and c.
6
Suppose 0 = 6*i - 17*i + 2211. Suppose -i = -5*d + 69. What is the greatest common divisor of d and 72?
18
Suppose 41*g = -36*g + 69*g + 27920. What is the greatest common divisor of 30 and g?
10
Suppose 10*i = 3*v - 542, 0 = 5*v - 10*v + 3*i + 1081. Let u = -93 - -157. What is the highest common factor of v and u?
32
Suppose 67932 + 75872 = 27*n + 16364. What is the greatest common factor of n and 59?
59
Let i = -24 - -18. Let p be 7 - 7/(21/i). Suppose -3*m + 12 = 3*a, -6*m + 10*m = -5*a + 11. What is the greatest common divisor of p and m?
9
Let v(j) = j**2 - 45*j - 44. Let p be v(46). Suppose 342 = p*d + 340. What is the highest common divisor of d and 116?
1
Let o(b) = 231*b. Let p be o(2). Suppose 8*z + p = -18. Let l = z + 80. Calculate the greatest common divisor of 4 and l.
4
Let f = -20 + 0. Let b = f + 32. Let t be ((-5)/4 - 0)/(b/(-96)). What is the greatest common divisor of 10 and t?
10
Suppose 5*z - 4 - 26 = 0. Let j be ((-99)/(-6))/(3/z). Let i be (-821)/(-5) - 308/(-385). What is the greatest common factor of i and j?
33
Let n(m) be the second derivative of -1/2*m**2 - 2/3*m**3 + 4*m + 0 + 1/20*m**5 - 1/3*m**4. Let x be n(5). Calculate the highest common factor of x and 10.
2
Suppose -16 = 4*c, 0*c + 3*c = -4*b + 88. What is the highest common divisor of 40 and b?
5
Let h = -10241 + 10300. What is the greatest common factor of h and 1888?
59
Let i = -96 + 94. Let l be (2/i)/(((-22)/(-10))/11). Let j(g) = 3*g**2 - 5*g - 10. Let t be j(l). What is the highest common divisor of 60 and t?
30
Suppose n - 8621 = -2*o, 5*o - 5*n = 15282 + 6278. What is the greatest common divisor of o and 9?
9
Let q be (22 + -25)/((-1)/33). Let h(u) = 6*u + 3. Let x be h(4). Calculate the greatest common divisor of x and q.
9
Let t(l) = l**3 + 4*l**2 + 4*l - 7. Let u be t(4). Let y(p) = u + 160 + 4*p - 279. Let w be y(6). Calculate the highest common divisor of 28 and w.
14
Suppose -71 = -3*l - h + 78, -5*h = -3*l + 119. Let x be 120/l*(-268)/(-5). What is the highest common divisor of x and 67?
67
Suppose 0 = 3*c - l - 325, 4*c = 7*c + 3*l - 321. Suppose -15*s + c = 3*s. Let h(d) = d + 12. Let x be h(-6). Calculate the highest common factor of x and s.
6
Let q = -1220 - -1336. Calculate the greatest common divisor of 986 and q.
58
Let w(t) = t**2 - 11*t + 16. Let p be w(9). Let a(k) = -11*k - 2. Let g be a(p). Let d be (-6)/(-14) + 4879/49. What is the greatest common factor of d and g?
20
Let l be 3507/6 - (-1 - (-3)/6). Let p be 0 + (-1)/4 - l/(-20). Let b = p + -15. What is the highest common divisor of b and 56?
14
Let s = 156 - 145. Suppose 4*h - s*h = -126. Suppose -x - a = -0*x - 129, 2*a = -4*x + 510. Calculate the greatest common divisor of x and h.
18
Let w(j) = -j**3 + 14*j**2 - 3*j + 50. Let g be w(13). What is the greatest common divisor of 765 and g?
45
Suppose t + 60 = -59*t. Let q be 0/(-4) + 16 + t. What is the greatest common factor of 15 and q?
15
Let l = -92 + -171. Let k = l + 318. Let u = 43 + -10. What is the highest common factor of u and k?
11
Let w(r) = -2*r - 2*r - 2*r - 227 + 254. Let q be w(4). Let o(z) = 2*z**2 + 3*z - 2. Let j be o(4). Calculate the highest common factor of q and j.
3
Let y be (-160)/48*1242/(-30). Calculate the greatest common factor of 51 and y.
3
Let x(m) = 9*m**2 + 289*m - 80. Let p be x(-41). Calculate the greatest common factor of 50 and p.
50
Let b be (16/(-48))/((-6)/1980). Let y(i) = i**2 + 8*i + 10. Let x be y(-10). What is the greatest common divisor of b and x?
10
Let g be 19 + 1/1 - -425. What is the greatest common factor of g and 35?
5
Suppose 2*v - 3*v - 512 = -5*v. What is the greatest common divisor of 1760 and v?
32
Suppose -606 = -4*r + 6918. Suppose -6*j + r = 3*j. Suppose 0 = -0*l - 3*l + 57. What is the highest common factor of j and l?
19
Suppose -3*y - 2*i + 3974 = 0, 10*y - i - 9325 - 3868 = 0. What is the highest common factor of 99 and y?
33
Let v(g) = 20*g + 1601. Let s be v(-69). Calculate the greatest common divisor of s and 3029.
13
Suppose 3*g + 85 = 5*k, 4*k + 21*g - 31 = 16*g. Let r(y) = 4*y**2 - 5*y - 57. Let p be r(k). What is the highest common divisor of p and 9?
9
Let s = -341 + 346. Suppose 0 = -s*g + 10*g - 405. Calculate the greatest common divisor of 9 and g.
9
Let m(g) = 7*g**2 + 66*g - 69. Let h be m(1). Calculate the highest common factor of h and 628.
4
Let u = 14902 - 10527. What is the greatest common divisor of 10 and u?
5
Let h(s) = -6*s - 106. Let b(r) = -r**2 + r + 1. Let l be b(-4). Let z be h(l). Calculate the greatest common factor of 52 and z.
4
Let c = -6078 - -6230. What is the highest common divisor of c and 23864?
152
Let q = -479 + 482. Suppose 0 = -3*g - 4*n + 1038, q*g - 1059 = -2*n + 5*n. What is the greatest common factor of 14 and g?
14
Let y = 13051 - 11656. What is the highest common divisor of 1035 and y?
45
Let q(p) = p**3 + 34*p**2 - 3*p - 66. Let n be q(-34). Let t be 43 - (n/(-4) - -3). Calculate the greatest common factor of 7 and t.
7
Let b = -67 + 72. Let j be b/(10/12) - -45. What is the greatest common divisor of 85 and j?
17
Let x(o) = -o**2 - 20*o + 46. Let k be x(2). Suppose 0 = -k*m - 3*b + 315, 3*m + b + 3*b = 471. Calculate the highest common divisor of m and 68.
17
Suppose 2*l - 44 + 542 = 0. Let d = 255 + l. Calculate the greatest common factor of d and 18.
6
Suppose -23*y - 40*y + 260 = -37*y. Calculate the highest common divisor of y and 3050.
10
Let x = -58 - -97. Suppose j = 3*z - 6*j - 826, 3*z = j + 820. What is the greatest common factor of x and z?
39
Let m(j) = -119*j - 576. Let t be m(-6). What is the greatest common divisor of 253 and t?
23
Suppose -132*k + 1065939 = -143841. What is the greatest common factor of k and 260?
65
Let g be (-1*(2 + -2))/(12/6). Suppose 7*p + 2*p - 2268 = g. Calculate the highest common factor of p and 63.
63
Let k be 25 - 17 - (5 - (-2 - -2495)). Calculate the greatest common factor of 18 and k.
6
Let a(l) = 6*l + 42. Let n be a(-5). Suppose -416*k - 828 = -419*k. Calculate the greatest common factor of k and n.
12
Let z be (-1)/2 - (-74)/4. Let m = 359 - 196. Let d = m - 151. Calculate the greatest common factor of d and z.
6
Suppose 2*y = 3*w - 44, -4*w - 7*y + 5*y + 40 = 0. What is the highest common factor of 2658 and w?
6
Suppose 0 = -615*i + 611*i + 2*p + 7168, 3*p = -i + 1792. Calculate the greatest common divisor of 14 and i.
14
Let f(r) = 23*r**2 + 7*r + 12. Suppose 4 = -7*u + 5*u. Let d be f(u). Let s be (-3)/(45/(-12))*d. What is the greatest common factor of s and 24?
24
Let y be (111/(-12))/(92/(-2208)). Calculate the greatest common divisor of 2368 and y.
74
Let o be (-62538)/(-63) + (70/(-15) - -4). Calculate the highest common divisor of o and 224.
32
Suppose -k - 4*k = 5*h - 50, 2*k - 13 = 5*h. Let v = 9 - 3. Suppose a - v*a + 225 = 0. What is the highest common divisor of a and k?
9
Let c = -213 - 152. Suppose 5401 = -5*y + 2696. Let f = c - y. What is the highest common divisor of 16 and f?
16
Suppose 7 = -2*m + 1, -2*b = 4*m + 96. Let l(i) = i**3 + 41*i**2 - 44*i - 58. Let p be l(b). What is the highest common factor of p and 52?
26
Suppose -14*n = -18645 + 16195. Calculate the highest common factor of 7400 and n.
25
Let f be (90/21)/((-60)/(-210)). Suppose f*m - 666 = -3*m. What is the highest common divisor of 333 and m?
37
Let y(g) = g + 26. 